est common divisor of u and 3?
3
Let h(o) = 5*o - 8*o**3 + 3*o**2 - 5 + 8*o**3 - o**3. Let f(g) = g**2 - 7*g + 9. Let n be f(6). Let a be h(n). Calculate the highest common factor of 70 and a.
10
Suppose 0 = -0*a + a + 4*n - 80, 284 = 4*a - 2*n. Suppose 7*y - y = a. What is the greatest common factor of 6 and y?
6
Suppose -240 = 3*n - 4*n. What is the greatest common divisor of 192 and n?
48
Let y(h) = -h + 10. Let o be y(8). Suppose 0 = l + o, -2*l + 14 = 2*c + l. Let s = 16 - c. What is the greatest common divisor of 30 and s?
6
Let c be -1 - ((-14)/4)/((-1)/(-112)). Calculate the greatest common divisor of 51 and c.
17
Let t = 665 + -89. Calculate the highest common factor of t and 36.
36
Let h be (-56)/(-10) + 8/20. Suppose -6 = -2*s + h. Let a(u) = 3*u - 17. Let k be a(7). Calculate the greatest common divisor of s and k.
2
Let x be (-10)/45 + (-3700)/(-45). Let v = 225 - x. What is the highest common divisor of 13 and v?
13
Let w = 2 - 2. Suppose -y + 3 + 6 = w. Suppose -4*n + 3*j + 108 - 102 = 0, -18 = -4*n + j. Calculate the greatest common divisor of n and y.
3
Let l be 5 - -138 - (-1 - 6). What is the greatest common factor of 120 and l?
30
Let z be -4 - -6 - 8/2. Let m(t) = -t**3 - 4*t**2 - 4*t - 2. Let g be m(z). Let u be (-4)/(-5)*(g + 7). What is the greatest common factor of 8 and u?
4
Let p(i) = i**3 + 13*i**2 - 30*i + 15. Let y = -14 - 1. Let l be p(y). Calculate the highest common divisor of 120 and l.
15
Suppose 0*h = 3*h - 222. Let m be 1*4 - (-26 + -7). Calculate the greatest common divisor of h and m.
37
Let h be (-4 + 3)/(4 - (-1 + 6)). Calculate the greatest common divisor of h and 13.
1
Let c(g) = g**2 - 48*g - 185. Let r be c(53). What is the greatest common divisor of 60 and r?
20
Let o(s) = 2*s - 9. Let m be o(9). Suppose -m*k - 56 = -416. Calculate the greatest common divisor of 10 and k.
10
Let i(y) be the first derivative of y**4/2 - 17*y**3/3 + 7*y**2/2 + 13*y + 3. Let k be i(8). What is the greatest common divisor of k and 55?
5
Suppose -4*r - 73 + 293 = 0. Let s = r - 31. Calculate the greatest common divisor of 264 and s.
24
Let l be (-91)/(-56)*(-1 - -25). What is the greatest common divisor of 39 and l?
39
Let r = 305 - 95. Suppose -r + 60 = -2*j. Let w(o) = o**3 + 7*o**2 + 6*o + 6. Let q be w(-4). Calculate the greatest common divisor of j and q.
15
Let k = 552 - 480. Let p(g) = 2*g**2 + 4*g + 2. Let x be p(-3). Calculate the greatest common divisor of k and x.
8
Let k(r) = 13*r - 179. Let x be k(17). What is the greatest common factor of 1344 and x?
42
Let f(p) = -3*p + 33. Let b(x) = x**2 - 2. Let m be b(-3). Let w be f(m). What is the greatest common factor of w and 96?
12
Suppose 0 = 3*b - 3 - 9, 436 = 5*c - b. Let s be (-36)/(-6) + -4 - (-16 - 4). Calculate the highest common divisor of c and s.
22
Let p be (-1090)/(-60) - 3/18. What is the greatest common factor of p and 27?
9
Suppose -127 = 5*d + 148. Let c = d + 76. Calculate the greatest common divisor of 21 and c.
21
Suppose z - 89 = v + 32, 484 = 4*z - 3*v. What is the highest common divisor of z and 11?
11
Let h = 921 - 873. What is the greatest common divisor of 9 and h?
3
Suppose -13 = -4*j - 5. Let c = 0 + j. Suppose 3*a = 4*p + 164, 4*a - 212 = -0*a + c*p. What is the greatest common divisor of 13 and a?
13
Let m be 54 + (-3 - 1)/(-1). Let v(t) = t**3 - 3*t**2 + 2*t + 5. Let q be (-15)/(-20) + 26/8. Let h be v(q). What is the greatest common divisor of m and h?
29
Let m = -232 + 233. What is the highest common divisor of m and 5?
1
Suppose -2*d = -12*d + 2780. Let q = d + -70. What is the greatest common divisor of q and 13?
13
Suppose -2*l + 68 + 228 = 0. Calculate the greatest common factor of l and 37.
37
Let a(g) = -g**2 + 20*g - 50. Let o be a(16). Calculate the highest common factor of 518 and o.
14
Let g(s) = -s - 4 + 5 - s**2 + 2. Let b be g(0). Calculate the highest common divisor of 33 and b.
3
Let t(o) = -2*o**3 + 29*o**2 - 73*o - 16. Let l be t(11). What is the greatest common divisor of 119 and l?
7
Let k be 44 + -33 - -5*1. Calculate the highest common factor of 2 and k.
2
Suppose 2*n = 5*b - 167, -3*b + 3*n + 118 - 16 = 0. Let s = b + -25. Suppose s*w - 10*w = -14. What is the greatest common factor of 77 and w?
7
Let i = 65 + -60. Suppose 0*u - 13 = -k + 5*u, 3*k - i*u - 39 = 0. Calculate the greatest common factor of 169 and k.
13
Suppose 276 = 10*l + 36. What is the greatest common factor of l and 276?
12
Suppose 0*x - 30 = -5*x. Let s be -4*x*(-3)/(-4). Let o(r) = r**3 + 18*r**2 + 16. Let m be o(s). What is the highest common divisor of m and 2?
2
Let y = -18 + 43. Let j(x) = 27*x - 932. Let l be j(41). Calculate the highest common factor of l and y.
25
Let p(n) = -n**2 - n + 26. Let t be p(4). Calculate the highest common divisor of t and 162.
6
Let f be 4 - (-4)/((-4)/4). Suppose -138 = -3*v - 3*q, 2*v + 5*q + 0*q - 95 = f. Suppose -4*y + 3*y + v = 0. What is the highest common factor of 9 and y?
9
Suppose 5*i - 3*d - 3597 = 0, 4*i + 725 = 5*i + 5*d. Calculate the highest common factor of 30 and i.
30
Suppose -3*v + v = -32. Calculate the greatest common divisor of v and 16.
16
Suppose -713 = -20*k - 453. Calculate the highest common factor of 416 and k.
13
Let t = -269 - -317. What is the highest common divisor of t and 18?
6
Let m be (2 + -4 + 1)*0. Suppose -x + 4*t + 19 = 0, x + 0*x - 3*t = 15. Suppose m = -2*w + x*w - 30. What is the greatest common divisor of w and 10?
10
Suppose -5*g + 50 + 90 = 0. Suppose -h + 72 = 3*k + 29, -2*h = k - 61. What is the greatest common factor of g and h?
28
Let g = 956 - -6. Calculate the highest common divisor of 78 and g.
26
Let x be 260/(-8)*54/(-45). What is the greatest common divisor of 533 and x?
13
Let v = 83 - 39. Let k be 6/(-9) - 14/(-3). Calculate the greatest common factor of v and k.
4
Let u = 819 + 421. What is the greatest common factor of u and 40?
40
Suppose -j + 2*j = 20. Suppose -3*w = -z - 9, 0 = -2*w + 3*z + 6. Suppose 3*h - 22 = 2*q, w*h - 2*q = -4*q + 2. Calculate the greatest common factor of j and h.
4
Let k(u) = -u**3 + 18*u**2 + 77*u + 244. Let q be k(22). What is the highest common factor of q and 106?
2
Let c = -60 - -80. What is the highest common divisor of c and 8?
4
Let d(g) = -g**3 + 8*g**2 - 3*g - 1. Let i be d(7). Let w = -335 + 578. Calculate the highest common factor of w and i.
27
Let y(t) = t + 17 - 3*t + 4*t + 2*t. Let j be y(12). What is the highest common factor of j and 5?
5
Suppose 2*t - 3*v = 13, -5*v - 9 = -0*t + 3*t. Let z be (5/15)/(t/12). Suppose -40 = z*s - 3*s. Calculate the greatest common divisor of 16 and s.
8
Let i = -12 + 17. Suppose 0 = 4*o + i*s - 31, 3*s + 8 = 2*o + 7*s. Suppose -41 = -3*g - o. Calculate the highest common factor of g and 6.
3
Suppose -5*k = -3*h + 218, -k - 58 - 276 = -5*h. What is the greatest common factor of h and 33?
33
Let v(o) = o**3 - 6*o**2 - 7*o + 2. Let t be v(7). Let z(u) = -26*u + 134. Let i be z(5). Calculate the highest common factor of t and i.
2
Let w be (1 - -1)*(-25)/(-10). Suppose -2*v + 0*v + 3*x = -90, 0 = v + w*x - 58. Let o be (-1)/(-2)*(v + 2). Calculate the greatest common factor of o and 5.
5
Let i be (-28)/(-7)*121/2. Let l be (1/(-3))/(1/3). Let g be (l*2)/2 - -23. What is the greatest common divisor of g and i?
22
Let q = -32 - -46. Suppose o = 4*j - 198 - 31, 3*o = -3*j + 153. What is the highest common factor of q and j?
14
Suppose 0 = -5*x - 21*x + 2028. What is the highest common divisor of 12 and x?
6
Suppose i - 5*n - 40 = 0, -n = -3*i + 4*n + 70. Let m(x) = 7 + 6*x - 6 + x. Let a be m(2). What is the greatest common factor of a and i?
15
Let s = -1937 - -2212. What is the greatest common factor of 175 and s?
25
Suppose -2*a + 5*f = -4*a - 23, 3*f + 16 = a. Let p be ((-4)/5)/(a/(-50)). What is the greatest common divisor of p and 60?
20
Let r(j) = j**2 + j + 14. Let y be r(0). Suppose 2*g - 5*q + 3*q - 18 = 0, 4*g + q = 11. Suppose 0 = g*o - 2 - 6. What is the highest common factor of o and y?
2
Suppose -2*p + 117 = s, -13*s + 18*s = -2*p + 601. What is the highest common divisor of s and 3?
1
Let i = 3 - 1. Suppose 53 = i*m - 0*m - 3*b, 5*m - 122 = 4*b. Let f = -47 + 80. Calculate the greatest common divisor of f and m.
11
Let m be (6/5)/(15/25). Suppose -m*y - 4 